 62 = 0, -2 - y = -n - 3*r. What are the prime factors of n?
17
Suppose -2*v = -2*c + 528, 3*c = c - v + 528. What are the prime factors of c?
2, 3, 11
Let h(x) be the first derivative of -x**2 - 7*x - 2. Let g be h(-5). Suppose g*z = 3, -5*s - 2*z - 16 = -48. List the prime factors of s.
2, 3
Let w(y) = 34*y**3 + 1. Let p be w(1). Suppose 0 = 6*h - h - p. What are the prime factors of h?
7
Let v(a) = -a**3 + 11*a**2 - 10*a + 7. List the prime factors of v(9).
79
Let b = -148 - -209. What are the prime factors of b?
61
Suppose -2*c = 2*i - 4*i + 12, -4*i + 12 = -c. Suppose 4*f - 12 = -i*r, -5*r + 105 = 2*f - 7*f. What are the prime factors of r?
2
Suppose 0 = -12*t + 13*t + 11. Let j(l) = 2*l - 3*l + 0*l - 5. What are the prime factors of j(t)?
2, 3
Let u be ((-2)/4)/(1/12). Let f be (9/(-2))/(u/(-8)). What are the prime factors of (15/f)/(-1)*2?
5
Let n = 33 - 18. List the prime factors of n.
3, 5
Suppose 5*z - 1 = l, -2*l - 47 = -2*z - 5. Let g = 5 - l. What are the prime factors of g?
31
Suppose 0 = 4*o - u - 9, 3*o + 2*u + 0 = -7. Let z be o/(-4) - 36/(-16). Suppose 0 = -z*d - s + 17, 2*d - s = -4*s + 15. What are the prime factors of d?
3
Let a(s) be the first derivative of -s**2/2 + 3. Let i be a(5). Let n(m) = m**2 + 2*m - 3. List the prime factors of n(i).
2, 3
Suppose 0 = 3*p + a - 59, -2*p + 15 + 26 = -a. Let r = -13 + p. What are the prime factors of r?
7
Suppose -2*j = 6, 0 = -3*d - 0*j - 3*j + 573. What are the prime factors of d?
2, 97
Let u(b) be the second derivative of b**4/12 + 2*b**3/3 - b**2 + b. Let q be u(-5). Let n(i) = -i**3 + 2*i**2 + 3*i + 2. List the prime factors of n(q).
2
Let m(z) = -3*z + 2. Let n be (9/2)/(2/(-4)). List the prime factors of m(n).
29
What are the prime factors of 32/48 - (1348/6)/(-2)?
113
Suppose 0 = y - 0*y - 5. Suppose 4*w = 2*h - w - 18, y*h + w = 45. What are the prime factors of h?
3
Let i = 22 - 14. Suppose -u - i = -3*u. Let c = u - 1. List the prime factors of c.
3
Let b be 1/3 + (-2)/(-3). Let p = -2 - b. What are the prime factors of (4/p)/(6/(-9))?
2
Let r(y) = -2*y**3 - y**2 - 3. List the prime factors of r(-3).
2, 3, 7
Let t be (112/(-24))/((-2)/(-3)). Let h = 13 + -3. Let i = h - t. What are the prime factors of i?
17
Suppose -256 = 3*g - 652. Suppose 3*f - 2*n - g = n, -6 = -2*n. List the prime factors of f.
47
Suppose -4*n = -3*a + 208, 3*a + 2*a - 3*n = 365. What are the prime factors of a?
2, 19
Let f be -4 + 2 + 0 + 1. Let v = -4 - -11. Let a = v + f. List the prime factors of a.
2, 3
Let p be 96/7 + 6/21. Suppose p - 47 = 3*r. Let b = -7 - r. What are the prime factors of b?
2
Let l(t) = t**2 + 4*t - 7. Let r be l(-6). Let u be 18 - r/((-5)/3). Let g = u - 6. List the prime factors of g.
3, 5
Let t(j) = -j**3 + 15*j**2 - 4*j - 34. List the prime factors of t(14).
2, 53
Suppose 5*t + 506 - 125 = 3*m, -508 = -4*m + t. List the prime factors of m.
127
Suppose 4*v = -20, 2*q + 4*v = -21 + 7. Suppose 5*r = -q*l + 79, 29 = l - 0*r - r. List the prime factors of l.
2, 7
Let s(x) = -x**3 + 11*x**2 + 9*x - 12. What are the prime factors of s(9)?
3, 7, 11
Let q = 0 + 2. Suppose -8 = 2*w, q*k + 2*w = -6 + 26. What are the prime factors of k?
2, 7
Let r(d) = d**2 + 6*d + 7. Let v = -21 - -13. Let q be r(v). Suppose 3*n = -4*o + 21 + q, -3*o - 3*n + 36 = 0. What are the prime factors of o?
2
Suppose 0 = b + 1, -2*g + 377 = g + 4*b. What are the prime factors of g?
127
What are the prime factors of (52/8)/(3/36)?
2, 3, 13
Let x(m) = 15*m - 2. List the prime factors of x(4).
2, 29
Let d = 10 + -6. Let h = -15 - -22. Let p = h - d. List the prime factors of p.
3
Let f = 2 - 0. List the prime factors of (1 - f - 1) + 12.
2, 5
Suppose 4 = -2*i - 2*i. Let a be 0*(3*i + 2). Suppose 5*x = -b - 22 + 57, 5*b = a. List the prime factors of x.
7
Suppose 7*w - 408 = -x + 3*w, -3*w - 2132 = -5*x. What are the prime factors of x?
2, 53
Suppose 4*h - 26 = 18. What are the prime factors of h?
11
What are the prime factors of (12 - 3)*-1*-1?
3
Suppose 10*h - 11*h = -31. What are the prime factors of h?
31
Let v = 243 + -163. Suppose 2*n + v = 3*w - 5*w, -4*w - n = 175. List the prime factors of 212/18 + (-10)/w.
2, 3
Let m(o) = -o**2 + 1. Let u(x) = -2*x**2 - x + 3. Let k(g) = 13*m(g) - 6*u(g). Let p be k(5). Suppose -40 = -p*n - 5*n. What are the prime factors of n?
2
What are the prime factors of 7*(0 + 1 - -6)?
7
Suppose -5*l + 4*l = 21. What are the prime factors of (-88)/14*l/6?
2, 11
Let l = -48 + 56. Let y(p) = -p**3 - 2*p**2 + 3*p - 1. Let o be y(-3). Let r = l + o. List the prime factors of r.
7
Let y(t) = -t**2 - 6*t - 7. Let m = -5 - 0. Let i be y(m). What are the prime factors of i/(-5) + 48/5?
2, 5
Let c = -31 - -69. What are the prime factors of c?
2, 19
Suppose 0 = y - 3*q - 55, 2*q = -5 - 3. Let w = y + -3. What are the prime factors of w?
2, 5
Let p = 176 - 54. List the prime factors of p.
2, 61
Let b(s) be the first derivative of s**5/40 + s**3/3 - 1. Let f(c) be the third derivative of b(c). What are the prime factors of f(1)?
3
Suppose -32 = -4*k + 8*k. Let g(d) = -9*d - d**2 + 0*d**2 + 0*d**2 - 4 + 3. What are the prime factors of g(k)?
7
Let w be ((-16)/(-20))/(1/10). Let u = w + -2. List the prime factors of u.
2, 3
Let k(c) = 2*c**2 + 13*c + 3. Suppose 11*o + 45 = 6*o. What are the prime factors of k(o)?
2, 3
Suppose u = 2*u. What are the prime factors of (-1 - -3)*(1 - u)?
2
Let h = 3 + -3. What are the prime factors of 3*(h + -1 + 2)?
3
Let v = -9 - -39. What are the prime factors of v?
2, 3, 5
Let n = 21 + 10. Suppose 10 = -q + n. Suppose -4*s + q = -11. What are the prime factors of s?
2
Suppose 5*y - b - 3*b - 72 = 0, 3*y + 2*b - 30 = 0. What are the prime factors of y?
2, 3
Suppose -5 = -w + 6*w, 2*u - 2*w = 12. Suppose -2*c + 13 = -5*i - 22, -u*c - 2*i = -44. What are the prime factors of c?
2, 5
Let x = -2 + 4. Let w(u) = -6 + 0*u - x*u + 4. List the prime factors of w(-2).
2
Suppose -5*p + p - 2*x = -1202, 4*p - 1199 = -3*x. Let y be (-2)/5 + p/5. Suppose 3*v + 4 + 0 = -i, 5*i - y = 5*v. List the prime factors of i.
2
Suppose 0 = -0*q + 4*q + 20, q - 90 = -t. List the prime factors of t.
5, 19
Suppose 12 = 6*j - 2*j. Suppose j*s - 37 = 14. List the prime factors of s.
17
Suppose -2*d + 3 = -d. Let w be 0/(d/(6/2)). Suppose 5*i - 70 = -w*i. What are the prime factors of i?
2, 7
Suppose -2*f = -3*f + 11. Let r = -2 + f. Suppose r - 27 = -3*a. List the prime factors of a.
2, 3
Suppose -z = -6 - 5. What are the prime factors of z?
11
Let y(j) = j**3 + 3*j**2 - 3*j - 22. Let r(t) = t**3 + 2*t**2 - 2*t - 21. Let l(z) = -4*r(z) + 3*y(z). List the prime factors of l(0).
2, 3
Suppose -4*r - 2*u = 28 + 16, 2*r = -4*u - 28. Let x = r - -20. List the prime factors of x.
2, 5
Let k(y) = -2*y - 2. Let b be k(-3). Suppose -b*n + 5*j = 34 - 117, 0 = 4*j + 12. What are the prime factors of n?
17
Suppose 6*t - 1106 = -332. List the prime factors of t.
3, 43
Suppose 5*b + 4*t = 401, -2*b - b = -2*t - 223. What are the prime factors of b?
7, 11
Let r(x) = 3*x. What are the prime factors of r(11)?
3, 11
Suppose 5*s = 3*s + 40. Suppose s = -2*l + 88. List the prime factors of l.
2, 17
Let b be 17/5 - 6/15. Suppose b*t + 0*t = 4*k - 45, -3*t - 33 = -3*k. What are the prime factors of k?
2, 3
Let a = -4 - -4. Let c = 3 - a. Suppose -p + 16 = c*p. What are the prime factors of p?
2
Let b be ((-14)/(-5))/((-10)/(-25)). Let g(m) = 2 + 6 + m - 3. What are the prime factors of g(b)?
2, 3
Suppose -3*x + 0*x + 15 = 0, -a + 3*x = -63. Suppose -b = 2*b - a. What are the prime factors of b?
2, 13
Suppose -3*j + 5*m + 10 = 0, -j - m + 1 = 3. Suppose 3*t + 20 = 4*h, j = -t + 4*t + 3*h - 15. Suppose a + t*n - 16 = 5*n, -4 = 2*n. List the prime factors of a.
2, 3
Suppose n = 4*h - 19, -1 = 2*h - 6*h - 5*n. What are the prime factors of 34/h - 2/(-4)?
3
Suppose 446 = 2*v + 2*q, 5*v + 0*q + 2*q = 1115. List the prime factors of v.
223
Suppose -d + 87 = 3*o - 0*o, -5*d - 2*o + 383 = 0. What are the prime factors of d?
3, 5
Let z = -10 + 2. Let n = -4 - z. Suppose -o = -d - n*d + 97, -3*d + 3*o + 51 = 0. What are the prime factors of d?
2, 5
Suppose -3*n + 1274 = 11*n. List the prime factors of n.
7, 13
Suppose -4*z + 7*z = 0. What are the prime factors of z - 0 - -1 - -9?
2, 5
Suppose 0 = w - 3*w + 6. Suppose